hat are the prime factors of d/((-2)/((-20)/2))?
2, 3, 5
Suppose 0 = -i - 4*w + 3, 2*w + 59 = 5*i - 0*w. Suppose 0 = -3*l - i + 68. Let d = 28 - l. What are the prime factors of d?
3
Let n(p) = 5*p**3 - 1. Let b be n(1). Suppose -2*q + 60 = 4*g - 18, 0 = 5*g - b*q - 91. List the prime factors of g.
19
Let x = -381 + 843. What are the prime factors of x?
2, 3, 7, 11
Suppose -3*v = 5*r - 155, 3*v - v = -3*r + 93. Suppose 1 = 5*c + r. List the prime factors of ((-3)/c)/(3/48).
2
Suppose -w - 392 = -2*w. Suppose -c + w = 3*c. Let l = c - 27. What are the prime factors of l?
71
Let v(x) = -x**3 + 11*x**2 - 36*x + 7. Let p be v(7). Suppose 0 = w + w + 48. Let j = w - p. List the prime factors of j.
5
Let t be 46376/221 - (-4)/26. Suppose -2*d + 5*y + 29 + 55 = 0, -t = -5*d + 3*y. List the prime factors of d.
2, 3, 7
Let j be -1*6926/(-18) + 8/36. Let s = j - 124. List the prime factors of s.
3, 29
Let j(a) = -1. Let l(m) be the second derivative of 4*m**3/3 + 4*m**2 - 9*m. Let n(o) = -j(o) - l(o). What are the prime factors of n(-3)?
17
Suppose -1869 = 2*x - 9*x. What are the prime factors of x?
3, 89
Let c(d) = -11*d**2 - d. Let k(u) = -53*u**2 + 9*u + 7. Let r(x) = -5*c(x) + k(x). Let i(p) = -p**2 + 3*p + 8. Let a be i(6). List the prime factors of r(a).
67
Suppose -13*k + 57216 = 11*k. What are the prime factors of k?
2, 149
Suppose 0 = 4*g + j - 1673 - 611, 2*g = 2*j + 1132. List the prime factors of g.
2, 3, 5, 19
Let h = -3 - 1. Let d(o) = -20*o + 4. Let l be d(h). Let a = l + -60. What are the prime factors of a?
2, 3
Let t(x) = -3*x + 2185. List the prime factors of t(0).
5, 19, 23
Let j be 23353/6 - 12/72. What are the prime factors of j/20 - 2/(-5)?
3, 5, 13
Let s(q) = 2*q + 1. Let v(a) = 90*a. Let m(h) = -3*s(h) + v(h). List the prime factors of m(3).
3, 83
Suppose 0 = -3*n + 6, 3*n + 551 = 3*m + 38. What are the prime factors of m?
173
Let j = -26 + 34. Let y = j - -51. What are the prime factors of y?
59
Let q be (-18)/(-4 + 1) - 0. Let g = -3 + q. Suppose g + 4 = d. List the prime factors of d.
7
What are the prime factors of (-3802)/(-5) + (-10)/25?
2, 5, 19
Let q = 1487 + 283. What are the prime factors of q?
2, 3, 5, 59
Suppose 5*m + l - 10 = 0, m - 2*l + 13 = 4*m. List the prime factors of (m*-13 - -1)*(-30)/3.
2, 3, 5
Let t be (6/(-5))/(26/(-65)). Suppose 0 = -3*p - t*y + 375, 253 = -p + 3*p + 5*y. List the prime factors of p.
2, 31
Suppose -13555 = -5*c - 5*b, 5*c - 13545 = -0*b - 3*b. What are the prime factors of c?
2, 3, 11, 41
Suppose -1081 = i - 4*o - 3045, 3918 = 2*i + 2*o. List the prime factors of i.
2, 5, 7
Suppose -256 = -8*p + 6040. What are the prime factors of p?
787
Let l(t) = -t**3 + 15*t**2 - 16*t - 17. Let o(h) = -3*h**3 + 44*h**2 - 47*h - 50. Let w(s) = -7*l(s) + 2*o(s). What are the prime factors of w(16)?
3, 17
Let g be 1/(-3) - (-4176)/(-27). List the prime factors of (-16)/20*(-3)/((-6)/g).
2, 31
Suppose -6*y + 5348 = -3856. List the prime factors of y.
2, 13, 59
Let t(g) = g**2 - g. Let r(f) = -f**3 - 3*f**2 - 8*f - 2. Let k(p) = r(p) - 3*t(p). Let j be k(-5). List the prime factors of -53*(-1)/j*-2.
53
Suppose -587 = -4*n + 3*n. List the prime factors of n.
587
Let x(k) = -k**3 - 6*k**2 + 12*k + 10. Let z(w) = w**3 - 7*w**2 - 8*w - 8. Let n be z(8). Let i be x(n). Let r = -23 + i. What are the prime factors of r?
19
Let a(i) be the third derivative of 23*i**4/24 - i**3/6 - 68*i**2. Suppose 0 = -p + 3. List the prime factors of a(p).
2, 17
Let x be ((-12)/(-30) - 26/(-10))*-7. What are the prime factors of (1 + (-1)/3)/((-2)/x)?
7
Suppose 7*g + 0*g = 5544. What are the prime factors of g?
2, 3, 11
Suppose -3*l + 0*l - 5*v + 14 = 0, 0 = -3*v + 3. Suppose -l*k = -15 - 78. Suppose 5*z + 4*s = k, 4*s - 18 = -2*z + s. List the prime factors of z.
3
Let b = 152 + -49. Suppose 5*r = b + 162. List the prime factors of r.
53
Let q(y) = y**2 - 3*y - 12. Let l be q(11). Let r = 180 - l. List the prime factors of r.
2, 13
Let k = 46 + -44. Suppose 0 = k*c - 2 - 212. List the prime factors of c.
107
Let b(l) = l**3 + 12*l**2 + 13*l + 21. What are the prime factors of b(-10)?
7, 13
Let b(s) = -4*s**2 - 2*s - 2. Let k be b(6). Let g = k + 225. What are the prime factors of g?
67
Let u(n) = 2*n**2 + 6*n + 4. Let g = 5 - 0. Let p be u(g). List the prime factors of p/20 - 2/10.
2
Suppose -5*d - 4*j + 9026 = 0, -j + 3 + 1802 = d. List the prime factors of d.
2, 3, 7, 43
Suppose u - 1 = 1. Suppose 4*r = u*m - 12, 4*r + 14 = 4*m + r. What are the prime factors of m?
2
Let g be (-66)/4*(-56)/21. Suppose -3*r - 5*d + 105 + g = 0, -3*r + 145 = d. Suppose -t + 2 = -2, 2*l - 3*t = r. What are the prime factors of l?
2, 3, 5
Suppose -4*s - 1198 = -3*i - 367, 0 = 4*i - s - 1121. List the prime factors of i.
281
Let y(v) = -v**3 + 9*v**2 - 3*v - 10. Let j be y(8). Suppose 44*r = 47*r - j. What are the prime factors of r?
2, 5
Let z = -337 + 1017. What are the prime factors of z?
2, 5, 17
Suppose 3*d = 4 + 5. Suppose -2*z + i + 8 = -5*z, 3*i = 2*z + 9. What are the prime factors of 25 - (-1 + d + z)?
2, 13
Suppose -2*z - 3985 = -3*i - 1395, 0 = 5*i - z - 4312. List the prime factors of i.
2, 431
Let p = 783 + 364. List the prime factors of p.
31, 37
List the prime factors of (3/(-1))/(10/(-4550)).
3, 5, 7, 13
Let f(b) = 28*b - 4. Let u(d) = 2*d**2 - 44*d + 2. Let i be u(22). List the prime factors of f(i).
2, 13
Let z be 2/1 - 0/5. Suppose w + z*w - 222 = -5*d, -3*w + 4*d + 249 = 0. What are the prime factors of w?
79
Suppose -3*c + 104 = 110. Let j = c + 142. List the prime factors of j.
2, 5, 7
Suppose 5*r - 3 + 8 = 0. Let n be 102/(-8) + r/4. What are the prime factors of (12 + n)/((-2)/10)?
5
Let h be -1 + 2 + -13 + 10. Let m(z) = -12*z**3 + z**2 - 3*z - 3. What are the prime factors of m(h)?
103
Let n(w) = -149*w**3 - 3*w**2 - 10*w - 10. List the prime factors of n(-3).
2, 251
Let n(h) be the first derivative of h**3/3 + 11*h**2/2 - 17*h + 2. Let p be n(-12). Let j = p + 24. What are the prime factors of j?
19
List the prime factors of 546/39*(134/4 - -2).
7, 71
Suppose 2*t = -2*g - t + 1140, -4*t - 2320 = -4*g. List the prime factors of g.
2, 3
Let n(c) = 2*c**2 - 4*c - 3. Let f be n(3). What are the prime factors of (-4)/(-14) + 2550/42 - f?
2, 29
Suppose -9*d + 32064 = 15*d. What are the prime factors of d?
2, 167
Let x(h) = -6*h**2 - 5*h + 16. Let b be x(-8). Let k be 1/((-2)/b*2). Let n = -30 + k. List the prime factors of n.
2, 13
Let h = 1521 + -1037. List the prime factors of h.
2, 11
Suppose 7*r - 2*r = 20. Let v(t) = t**2 - 3*t - 13. Let m(x) = -x**2 + 4*x + 12. Let s(w) = r*v(w) + 5*m(w). List the prime factors of s(7).
3, 5
List the prime factors of (-6)/(6433/(-917) + 7).
3, 131
Let r = 30 - 13. Let t = -17 + r. Suppose 2*j - 55 = 3*a, t = 5*j - 0*a - 3*a - 142. List the prime factors of j.
29
Let a(z) be the first derivative of z**4/4 - 8*z**3/3 + 2*z - 3. Let c be a(8). What are the prime factors of c*1 - 0/(-3)?
2
Suppose 24*o + 735 = 25*o. What are the prime factors of o?
3, 5, 7
Let w(i) = -25*i**3 + i**2 - 30*i - 113. What are the prime factors of w(-4)?
3, 541
Suppose -5*u - 131 = -z, 6*z + 4*u = 3*z + 469. Let p = z - -52. What are the prime factors of p?
7, 29
Suppose -5*p + 2 = -5*w - 3, -3*p + 13 = -5*w. Let f = -16 + 10. What are the prime factors of (-49)/p + f/24?
2, 3
Suppose 5*u + 5*n + 130 = 0, -3*u - n - 58 = -3*n. Let k = 46 + u. What are the prime factors of k?
2, 3
Suppose -l - 3 - 2 = -3*x, -5*l - 9 = x. Let t be 3/(-1)*16/(-6). List the prime factors of (t/l - -4) + 3.
3
Suppose b - 2*b + 1 = 0. Let j be 2/(-3)*-3*b. Suppose 3*a - 5*v = -6, -j*a + a + 3*v = 6. What are the prime factors of a?
3
Suppose 0*q + 4*q = 12, -2*q - 156 = 3*m. Let s = m - -30. List the prime factors of (15 + 0)*s/(-9).
2, 5
Let s = -12 - -6. Let r be s*2/20*-20. Let u(t) = t**3 - 13*t**2 + 12*t + 8. What are the prime factors of u(r)?
2
Suppose 0 = 2*n - 6 - 46. Suppose j - 10 = n. List the prime factors of j.
2, 3
Let h = -734 - -1809. What are the prime factors of h?
5, 43
Let o(q) = -q**3 - 2*q**2 - 4. Let m be o(-3). Suppose 0 = 5*t + 4*d - 99, 0*t + 112 = 4*t - m*d. What are the prime factors of t?
23
Let c(k) = 4*k**3 + 3*k**2 - 11*k + 6. Let o(z) = 3*z**3 + 2*z**2 - 11*z + 7. Let b(t) = -5*c(t) + 6*o(t). List